factor of 46802976?
True
Is 977419391 a multiple of 13?
True
Is 11 a factor of 9820151?
True
Is 206112083 a multiple of 3450?
False
Is 60 a factor of 31680625?
False
Is 11 a factor of 10017348?
True
Is 19 a factor of 17453834?
False
Is 246 a factor of 17815651?
False
Is 781 a factor of 216136283?
True
Is 517 a factor of 47819107?
False
Is 21841402 a multiple of 514?
True
Does 3 divide 6577289?
False
Is 37954850 a multiple of 5?
True
Does 238 divide 4016884270?
True
Does 50 divide 1506208800?
True
Does 1782 divide 276024672?
True
Does 59 divide 30334532?
False
Does 281 divide 21228145?
True
Is 5 a factor of 110880?
True
Does 12 divide 5049030?
False
Is 120199705 a multiple of 355?
False
Does 3 divide 200882032?
False
Is 2602 a factor of 629116764?
True
Is 691 a factor of 5545966?
True
Does 58 divide 70522316?
True
Does 3788 divide 507641244?
True
Does 19 divide 1846226297?
False
Is 1174 a factor of 243493101?
False
Is 18573772 a multiple of 259?
False
Is 2 a factor of 13621315?
False
Is 9196114 a multiple of 28?
False
Does 104 divide 62315032?
True
Does 30 divide 20433351?
False
Is 68 a factor of 135556096?
True
Is 48 a factor of 1981341648?
True
Does 7 divide 9379198?
False
Is 72355794 a multiple of 461?
True
Is 1278 a factor of 662617688?
False
Does 4 divide 1682581?
False
Does 277 divide 1190024409?
True
Is 4531775 a multiple of 17?
True
Is 3 a factor of 4485438?
True
Is 191112750 a multiple of 150?
True
Is 36 a factor of 273725752?
False
Is 1565425180 a multiple of 12316?
True
Does 184 divide 2580335592?
True
Is 21 a factor of 54480057?
False
Is 4099817379 a multiple of 1251?
False
Is 1076 a factor of 124148880?
True
Is 15 a factor of 5956886?
False
Does 3128 divide 385109976?
True
Is 37 a factor of 993931444?
True
Is 25802844 a multiple of 4?
True
Is 50588522 a multiple of 185?
False
Does 18 divide 18776232?
True
Does 24 divide 25980564?
False
Is 56160546 a multiple of 1343?
False
Is 14 a factor of 49558012?
True
Is 194690008 a multiple of 172?
False
Is 113409805 a multiple of 3548?
False
Is 199950205 a multiple of 1729?
True
Does 8 divide 2344264230?
False
Does 57 divide 3658055201?
False
Is 27600080 a multiple of 8?
True
Does 47 divide 681543234?
False
Is 167 a factor of 582342680?
False
Does 500 divide 72945000?
True
Does 3216 divide 414860784?
True
Is 893246760 a multiple of 24?
True
Does 668 divide 188985978?
False
Is 3712 a factor of 19068544?
True
Is 3995896 a multiple of 367?
True
Does 1903 divide 38813831?
False
Is 256244706 a multiple of 1746?
True
Is 4669 a factor of 740825561?
True
Does 37 divide 222637547?
True
Does 87 divide 63307930?
False
Is 4477172490 a multiple of 511?
True
Is 151283512 a multiple of 46?
True
Does 19 divide 42223445?
False
Is 1352 a factor of 586900496?
True
Does 44 divide 213224352?
True
Does 31 divide 1077605911?
True
Does 1558 divide 421168817?
False
Is 6 a factor of 1718592?
True
Does 3560 divide 2588935240?
True
Is 1072 a factor of 2121679888?
True
Is 505996762 a multiple of 445?
False
Does 32 divide 92561385?
False
Does 5 divide 109128905?
True
Is 279397459 a multiple of 6402?
False
Is 64144917 a multiple of 1905?
False
Does 280 divide 34007680?
True
Is 345 a factor of 44318700?
True
Is 202068545 a multiple of 1720?
False
Is 545416227 a multiple of 8?
False
Is 208887376 a multiple of 236?
True
Is 28510230 a multiple of 762?
True
Is 98805270 a multiple of 386?
False
Does 904 divide 244164976?
True
Is 5 a factor of 837181540?
True
Does 14 divide 59577853?
False
Is 198 a factor of 9273161?
False
Does 322 divide 1245975569?
False
Is 417325428 a multiple of 522?
True
Is 737 a factor of 32804607?
True
Is 1862 a factor of 20338626?
True
Does 201 divide 1060221948?
False
Does 697 divide 34125120?
True
Is 26 a factor of 1369138?
False
Does 1549 divide 22875571?
False
Is 232 a factor of 14369951?
False
Is 7 a factor of 108917228?
True
Is 23321076 a multiple of 204?
True
Is 4893615 a multiple of 272?
False
Is 1636160 even?
True
Is 270 a factor of 38196360?
True
Is 33181280 a multiple of 176?
True
Is 13511776 a multiple of 126?
False
Is 2 a factor of 6622272?
True
Does 79 divide 39347214?
True
Does 89 divide 260433554?
False
Is 9 a factor of 193546905?
False
Does 800 divide 47678228?
False
Is 200885890 a multiple of 31?
True
Is 124 a factor of 20015832?
True
Is 19544223 a multiple of 105?
False
Does 398 divide 10345214?
True
Is 6378245 a multiple of 115?
True
Is 3377144328 a multiple of 2323?
False
Does 15 divide 290166045?
True
Is 167 a factor of 22304019?
True
Is 20437027 a multiple of 20?
False
Is 63 a factor of 39452994?
True
Is 28 a factor of 300599697?
False
Does 29 divide 539002584?
True
Is 652767 a multiple of 41?
False
Is 74 a factor of 112238380?
False
Does 13 divide 1407317691?
True
Is 272211296 a multiple of 14?
True
Does 17 divide 253228596?
False
Is 132809270 a multiple of 1343?
True
Does 2 divide 6150308?
True
Is 353667657 a multiple of 126?
False
Is 28703178 a multiple of 963?
True
Is 1214167548 a multiple of 724?
True
Does 1640 divide 1944260852?
False
Is 1011 a factor of 97674578?
False
Does 1075 divide 670885547?
False
Does 31 divide 554973346?
True
Is 215 a factor of 657664?
False
Does 610 divide 4743682?
False
Does 29 divide 59090094?
False
Does 83 divide 109785045?
False
Is 46 a factor of 116132014?
True
Is 20680335 a multiple of 207?
True
Is 17 a factor of 205019166?
False
Does 33 divide 367645294?
False
Does 1107 divide 5189638140?
True
Is 123 a factor of 27761480?
False
Is 13 a factor of 36177453?
True
Is 1286091 a multiple of 5?
False
Does 16 divide 353895?
False
Is 107 a factor of 59314594?
True
Does 72 divide 1261925911?
False
Is 3365 a factor of 72475821?
False
Does 75 divide 644367433?
False
Is 1031 a factor of 37195387?
True
Does 12 divide 434702916?
True
Does 22 divide 266820977?
False
Is 19 a factor of 10547831?
True
Is 232 a factor of 130729216?
True
Is 467732984 a multiple of 422?
True
Is 367 a factor of 124704398?
True
Does 183 divide 31790741?
False
Is 1455563 a multiple of 1792?
False
Does 3988 divide 2295579400?
False
Is 2384 a factor of 758226432?
True
Does 4351 divide 194665997?
False
Does 81 divide 329561784?
True
Does 1401 divide 863071416?
False
Is 55 a factor of 15138481?
False
Does 42 divide 210389844?
True
Is 306287196 a multiple of 177?
False
Is 363094338 a multiple of 1724?
False
Does 13 divide 1306526287?
False
Does 282 divide 31082322?
True
Is 43675711 a multiple of 2170?
False
Is 197818013 a multiple of 678?
False
Is 45 a factor of 1065323?
False
Is 16 a factor of 60905968?
True
Is 525 a factor of 32807537?
False
Is 419 a factor of 6250642?
True
Does 26 divide 404712672?
True
Is 3115803 a multiple of 59?
False
Does 13 divide 2134186119?
True
Is 10 a factor of 1231063333?
False
Does 345 divide 264260546?
False
Is 1131 a factor of 486780745?
False
Does 96 divide 2810208?
True
Is 121082534 a multiple of 17?
True
Is 359 a factor of 17956103?
True
Does 3903 divide 828446877?
True
Is 6319348 a multiple of 538?
True
Is 16 a factor of 196550796?
False
Is 304964350 a multiple of 26?
False
Is 3441950688 a multiple of 264?
True
Does 724 divide 7232036?
True
Is 70 a factor of 12258119?
False
Is 808112734 a multiple of 11?
True
Is 13 a factor of 1467408?
False
Does 1934 divide 1845117687?
False
Does 121 divide 3462536?
True
Is 8 a factor of 374022008?
True
Is 16651790 a multiple of 19?
True
Is 369235790 a multiple of 770?
True
Is 35 a factor of 3226790?
True
Is 2205957213 a multiple of 2183?
False
Is 451721985 a multiple of 143?
True
Is 27117804 a multiple of 427?
False
Is 241072263 a multiple of 22?
False
Is 3802770230 a multiple of 35?
True
Is 111630982 a multiple of 26?
False
Does 85 divide 111878020?
True
Does 2829 divide 412705836?
True
Does 32 divide 17754242?
False
Is 11919640 a multiple of 4?
True
Does 4535 divide 525769760?
True
Does 72 divide 1661652485?
False
Is 36285993 a multiple of 223?
False
Does 26 divide 41019789?
False
Is 4 a factor of 37292332?
True
Does 28 divide 14091140?
True
Is 341097673 a multiple of 833?
True
Is 128474051 a multiple of 2088?
False
Does 1386 divide 726790680?
True
Is 46 a factor of 59933768?
True
Is 393 a factor of 10232662?
False
Is 2 a factor of 571139284?
True
Is 697403255 a multiple of 233?
False
Does 40 divide 15046111?
Fa